tens digit of q?
4
Let f(h) = -12*h - 11 + 5 - 10 - 2 + 15*h**2 - h**3. Let y be f(14). Suppose m - 3*m = -y. What is the units digit of m?
5
Let a be -1 + (5 - 1 - 1). Let z be 10/4*-1*a. What is the tens digit of (-87)/z + (-4)/10?
1
Suppose 5*g + 20 = 0, i - 5*g - 31 = -5. Let x(p) be the second derivative of p**4/12 + p**3/3 - 32*p. What is the units digit of x(i)?
8
What is the hundreds digit of 5/1*(6 + (-7524)/(-60))?
6
Let n be (-12)/78 + (-862)/(-26). Suppose 0 = 2*u - 2*a + 46, -2*u + 5*u = -2*a - 49. Let m = u + n. What is the units digit of m?
4
Suppose 4*x - 4*p - 4 = 0, -3*x + 2 = 4*p + 6. Suppose x*a + 47 = a. What is the units digit of a?
7
Let o = -2727 + 5122. What is the thousands digit of o?
2
Suppose -24 = -3*i - 9. Let h be ((-90)/i)/(4/76). What is the units digit of (h/12)/(3/(-4))?
8
Suppose 0 = 36*s - 34404 + 4128. What is the hundreds digit of s?
8
Let c = 22 + -2. Suppose 13*v - 8*v = c. Suppose -q - v = -7. What is the units digit of q?
3
Let c = -1855 - -2800. What is the tens digit of 18/15*c/6?
8
Let q = 10 + -12. Let b be (-20)/(-6) - q/(-6). Suppose 4*o - 62 = -o - 4*i, -b*o = i - 33. What is the tens digit of o?
1
Let o(x) = -5*x**3 + 6*x - 4. Let f = 28 - 31. What is the hundreds digit of o(f)?
1
Suppose -x = 2*x - 42. Let r = 14 - -12. Let v = r - x. What is the units digit of v?
2
Suppose -29*i + 40458 = -28707. What is the tens digit of i?
8
Let x(c) = -c**3 - 4*c**2 - c + 1. Let l be x(-4). Suppose -3*q + l*p = 258 - 785, q - 181 = 3*p. Suppose -39 + q = 5*u. What is the tens digit of u?
2
Let w = -27 + 33. Let k(f) = f - 6. Let z be k(w). Suppose z = -3*q - q + 288. What is the units digit of q?
2
Let r = -1 + 5. What is the units digit of (-1685)/(-25) + r/(-10) + 1?
8
Let v = -24 - -16. Let w = v + 9. What is the units digit of w?
1
Let k = -283 + 898. What is the units digit of k?
5
Let w(d) = -100*d - 464. What is the units digit of w(-8)?
6
Let c(p) = p**2 + 6*p + 2. Let i be c(-6). Let y(l) be the second derivative of 3*l**4/4 - 2*l**3/3 + l**2 - 18*l. What is the units digit of y(i)?
0
Suppose 0 = 2*w - 3*h - 568, -2*w - 4*h = -2*h - 568. What is the hundreds digit of w?
2
Let v(z) = 6*z**3 + 6*z**2 + z - 3. What is the units digit of v(6)?
5
Let v(r) = r**3 - 23*r**2 + 45*r - 6. What is the units digit of v(21)?
7
Suppose -2*l = 10, 4*l - 7044 - 481 = -5*f. What is the units digit of f?
9
Let r = -13 - -15. Let u be 2*((-3)/r - -3). Suppose -3*j = 4*v - 16, 2*v + 1 = u. What is the units digit of j?
4
Suppose 2449 = -5*z + 5964. What is the tens digit of z?
0
Suppose -4*k - 3272 = 11*w - 14*w, k - 2185 = -2*w. What is the thousands digit of w?
1
What is the hundreds digit of 15/6 + (-4812)/(-8)?
6
Let r(n) = n**3 + 2*n**2 - 5*n - 2. Let z be r(-3). Suppose z*m + g = 2*g + 649, 818 = 5*m + g. What is the tens digit of m?
6
Let x = 9 + -5. Suppose x*r - 20 = -4. Suppose -2 - r = -3*g. What is the units digit of g?
2
Let d(p) = 4*p**2 - 8*p + 1. Let g be d(6). Let u = 196 - g. Suppose 4*k + u = 3*o, 3*o + 2*k - 99 = -3*k. What is the tens digit of o?
3
Let p(y) = y**3 - 5*y**2 - 4*y - 8. Let n be p(6). Let v be (-6)/n*(1 + -3). Suppose 68 = v*i + t - 5, 3*i + 2*t - 74 = 0. What is the units digit of i?
4
Suppose 5*b + 2*p - p = -306, -4*p + 240 = -4*b. Suppose 0 = 4*w + 112 - 16. Let l = w - b. What is the tens digit of l?
3
Suppose 4*j = 3*x - 1538, -4*j - 2052 = -0*x - 4*x. What is the tens digit of x?
1
Suppose 4*x + 19 = -6*f + 3*f, 3*f = 9. Let v = 8 + x. What is the units digit of v?
1
Suppose 15*g - 3120 = 10*g. What is the units digit of g?
4
Suppose -3*x + 87 = -3. Suppose -12 = -5*h + 4*h. Let u = x - h. What is the units digit of u?
8
Let j(v) = -7*v**3 - 263*v**2 + 61*v + 44. What is the units digit of j(-38)?
8
Suppose o - 4*o + 9 = 0. Let z be 0 + 1 - o - -2. What is the units digit of z + 6 + -3 - -4?
7
Let x be 14/(-49) + 6134/7. Suppose 3*c = -3*c + x. What is the units digit of c?
6
Let r(l) = -l + 21 - 31 - 2*l. Let o be r(-9). Let x = o - -6. What is the tens digit of x?
2
Let h(v) = -2*v + 23. Let p be h(8). What is the units digit of (-156)/(-7) + 12/p + -2?
2
Let u(n) = -2*n. Let i = -4 + -10. Let l be u(i). Suppose -3*g = 4*f - 132, 4*g - l = -2*f + 48. What is the units digit of f?
0
Let w(o) = -o**3 + 3*o**2 + o + 12. Let g be w(4). Suppose g = -19*v + 21*v - 264. What is the hundreds digit of v?
1
Let t(o) = -7 - 2*o**2 - 10*o - 1 + 3*o**2 + 3. Let r be t(12). Let w = r - -18. What is the tens digit of w?
3
Suppose -5*j + 26 = 3*h, 2*j + 3 = 11. Suppose h*m - 64 = u, -5*u + 27 - 7 = 0. Suppose 31*f - m*f + 96 = 0. What is the tens digit of f?
3
Suppose -4*p = -3480 + 316. Suppose 0 = 10*i - 3*i - p. What is the hundreds digit of i?
1
Let n be (-12)/(-10)*1230/12. Suppose 0 = -2*q + q + n. What is the units digit of q?
3
Let c(k) be the first derivative of 4*k**3/3 - k**2/2 + k - 2. Let u be c(1). Suppose -f + 82 = 3*d, u*f = d + 3*d - 104. What is the tens digit of d?
2
Suppose -14*k + 25 = -3. What is the tens digit of k/9*1 + (-3434)/(-18)?
9
Let k(g) be the third derivative of -g**6/60 + g**5/15 - 5*g**4/24 - 5*g**3/2 + 3*g**2. What is the units digit of k(-4)?
7
Let k be 2/(-7) + 80/35. Suppose -q + 188 = k*q - c, 4*c = 4*q - 256. What is the units digit of q?
2
Suppose q - 183*b + 179*b = 2258, -5*q + 4*b + 11322 = 0. What is the thousands digit of q?
2
Suppose 11*t - 9579 + 174 = 0. What is the tens digit of t?
5
Let t be (-18)/(-4)*(1 - (-5 - 100)). Suppose z + 2*z - t = 0. What is the hundreds digit of z?
1
Suppose -z = -5*z + 24. What is the units digit of (-8)/(z - 2)*-100*1?
0
Let m(p) = -30*p**2 - 10*p + 5. Let l(n) = 30*n**2 + 9*n - 5. Let g(v) = 5*l(v) + 4*m(v). What is the tens digit of g(1)?
3
Let m = 73 + -92. Let q = m - -106. What is the tens digit of q?
8
Suppose -265*t = -274*t + 23238. What is the tens digit of t?
8
Let r(y) = 888*y - 601. What is the hundreds digit of r(3)?
0
Suppose -32*p = -9*p - 28129. What is the thousands digit of p?
1
Let x = 21 + -16. Suppose -2*l - x*i = -4*l + 21, -i = 3. Let f = -2 + l. What is the units digit of f?
1
Suppose -3*b + 5*u = -623, -4*b - 3*u = -7*u - 820. Let g = b - 137. What is the tens digit of g?
6
Suppose 17 = 2*t - 1. Suppose -5*q + 12 = -2*c, 5*c + 3*q + 1 = 2. What is the units digit of (t - c) + 5/5?
1
Suppose -45 = -8*i + 3*i + 5*t, -2*i = 3*t - 23. Let m(j) = j**3 - 10*j**2 + 7*j - 5. What is the units digit of m(i)?
5
Suppose 13*q = 19*q - 162. Suppose 5*x + 2 = 3*d - 3, 5*x - 4*d + 10 = 0. Suppose 4*c - 7*m - 108 = -3*m, q = c - x*m. What is the units digit of c?
7
Let u = -77 - -148. Suppose 3*g - o - u = 0, 46 = 3*g + 6*o - 2*o. What is the tens digit of g?
2
Suppose p + b - 24 = -0*p, -b + 4 = 0. Let v = p + -12. Let k(f) = -f**2 + 12*f - 7. What is the tens digit of k(v)?
2
Suppose 3*w = 0, -x - 2*w + 120 = -4*w. Let g = -104 + x. What is the units digit of g?
6
Suppose 2*p = 5*p - 60. Let b = -18 + p. What is the units digit of (0 + 25)/(-1 + b)?
5
Let c(t) = 14*t - 11. Let o be -2 - (-3 + 3 + 0). Let d be (15/(-2))/3*o. What is the tens digit of c(d)?
5
Let z(v) = v**3 - 5*v**2 - 2*v - 19. Let w be z(6). Suppose w*i - 160 - 110 = 0. What is the units digit of i?
4
Let j be 2 + 0 - (-4 - -2). Suppose -2*t + 5*a = t - 56, -123 = -j*t - 3*a. What is the units digit of t?
7
Suppose 2*m - 5*n + 657 = -m, 3*m + 636 = -2*n. Let d = -103 - m. What is the units digit of d?
1
Suppose 10*k + 15 = 13*k. Suppose -k*s + 0*s = -335. What is the tens digit of s?
6
Let w = -1186 - -2170. What is the tens digit of w?
8
Let o be ((-45)/(-18))/(2/(-4)). Let g(b) = b**2 - 2*b + 9. What is the units digit of g(o)?
4
Let z = -86 + 65. Let i(s) = -4*s + 35. What is the units digit of i(z)?
9
Suppose 4*n - 2*r = -0*r + 40, 0 = -3*r + 12. Let h = -10 + n. Suppose -j = h*j - 42. What is the tens digit of j?
1
Suppose 4 = 3*d - 5*d. Let b be (-1)/(d/12*2). What is the units digit of -2*((-92)/8 - b)?
9
Let g = -6 + 2. Let m be (-4)/(g/1)*1. What is the tens digit of -35*(-1 - m/(-5))?
2
Let j(i) = -2*i**2 - 8*i + 6. Let b be j(-6). Let d be (-24)/b*(-6)/(-4). Suppose -x + 2*f = -7, d*f + 43 = 5*x + 8. What is the units digit of x?
7
Suppose 0 = 2*w - 4*j - 32, 5*w + 0*j - 50 = 4*j. Suppose 2*t = w*t - 40. What is